{"id":103,"date":"2020-03-09T17:30:24","date_gmt":"2020-03-09T15:30:24","guid":{"rendered":"http:\/\/wp13472584.server-he.de\/?page_id=103"},"modified":"2026-01-10T13:22:46","modified_gmt":"2026-01-10T11:22:46","slug":"sozialberatung","status":"publish","type":"page","link":"https:\/\/www.sovd-neustadt.de\/?page_id=103","title":{"rendered":"Sozialberatung"},"content":{"rendered":"\n<p>Die Sozialberatung findet nach vorheriger Terminvereinbarung an jedem ersten Dienstag im Monat in der Zeit von 14:30 Uhr bis 16:00 Uhr im Familienzentrum &#8222;K\u00fcste&#8220; des Kinderschutzbundes (Rosengarten 10, 23730 Neustadt in Holstein) statt.<\/p>\n\n\n\n<p>Zus\u00e4tzlich gibt es auch die M\u00f6glichkeit nach Vereinbarung eine Sozialberatung in der Gesch\u00e4ftsstelle des  Kreisverbandes Ostholstein in Eutin zu erhalten.<\/p>\n\n\n\n<p>Die Terminvereinbarung f\u00fcr die Standorte in Neustadt in Holstein und Eutin ist direkt bei der Gesch\u00e4ftsstelle unter folgenden Kontaktdaten m\u00f6glich:<\/p>\n\n\n\n<p>SoVD Kreisverband Ostholstein<br>Freisch\u00fctzstra\u00dfe 5<br>23701 Eutin<br>Telefon: 04521\/2877<br>E-Mail: <a href=\"mailto:kv-ostholstein@sovd-sh.de\">kv-ostholstein@sovd-sh.de<\/a><\/p>\n\n\n\n<p><\/p>\n","protected":false},"excerpt":{"rendered":"<p>Die Sozialberatung findet nach vorheriger Terminvereinbarung an jedem ersten Dienstag im Monat in der Zeit von 14:30 Uhr bis 16:00 Uhr im Familienzentrum &#8222;K\u00fcste&#8220; des Kinderschutzbundes (Rosengarten 10, 23730 Neustadt in Holstein) statt. Zus\u00e4tzlich gibt es auch die M\u00f6glichkeit nach<\/p>\n","protected":false},"author":1,"featured_media":0,"parent":0,"menu_order":0,"comment_status":"closed","ping_status":"closed","template":"","meta":{"footnotes":""},"class_list":["post-103","page","type-page","status-publish","hentry"],"_links":{"self":[{"href":"https:\/\/www.sovd-neustadt.de\/index.php?rest_route=\/wp\/v2\/pages\/103","targetHints":{"allow":["GET"]}}],"collection":[{"href":"https:\/\/www.sovd-neustadt.de\/index.php?rest_route=\/wp\/v2\/pages"}],"about":[{"href":"https:\/\/www.sovd-neustadt.de\/index.php?rest_route=\/wp\/v2\/types\/page"}],"author":[{"embeddable":true,"href":"https:\/\/www.sovd-neustadt.de\/index.php?rest_route=\/wp\/v2\/users\/1"}],"replies":[{"embeddable":true,"href":"https:\/\/www.sovd-neustadt.de\/index.php?rest_route=%2Fwp%2Fv2%2Fcomments&post=103"}],"version-history":[{"count":5,"href":"https:\/\/www.sovd-neustadt.de\/index.php?rest_route=\/wp\/v2\/pages\/103\/revisions"}],"predecessor-version":[{"id":281,"href":"https:\/\/www.sovd-neustadt.de\/index.php?rest_route=\/wp\/v2\/pages\/103\/revisions\/281"}],"wp:attachment":[{"href":"https:\/\/www.sovd-neustadt.de\/index.php?rest_route=%2Fwp%2Fv2%2Fmedia&parent=103"}],"curies":[{"name":"wp","href":"https:\/\/api.w.org\/{rel}","templated":true}]}}